{"id":9,"date":"2022-08-26T22:19:34","date_gmt":"2022-08-26T20:19:34","guid":{"rendered":"http:\/\/www.bectlartisandelhabitat.be\/?page_id=9"},"modified":"2022-09-10T18:48:04","modified_gmt":"2022-09-10T16:48:04","slug":"contact","status":"publish","type":"page","link":"https:\/\/www.bectlartisandelhabitat.be\/index.php\/contact\/","title":{"rendered":"Contact"},"content":{"rendered":"\n<div class=\"wp-block-cover aligncenter\" style=\"min-height:370px;aspect-ratio:unset;\"><span aria-hidden=\"true\" class=\"wp-block-cover__background has-background-dim-70 has-background-dim\"><\/span><img loading=\"lazy\" decoding=\"async\" width=\"1000\" height=\"594\" class=\"wp-block-cover__image-background wp-image-986\" alt=\"\" src=\"https:\/\/www.bectlartisandelhabitat.be\/wp-content\/uploads\/2022\/08\/image-5.jpg\" data-object-fit=\"cover\" srcset=\"https:\/\/www.bectlartisandelhabitat.be\/wp-content\/uploads\/2022\/08\/image-5.jpg 1000w, https:\/\/www.bectlartisandelhabitat.be\/wp-content\/uploads\/2022\/08\/image-5-300x178.jpg 300w, https:\/\/www.bectlartisandelhabitat.be\/wp-content\/uploads\/2022\/08\/image-5-768x456.jpg 768w\" sizes=\"auto, (max-width: 1000px) 100vw, 1000px\" \/><div class=\"wp-block-cover__inner-container is-layout-flow wp-block-cover-is-layout-flow\">\n<p class=\"has-text-align-left has-white-color has-text-color\" style=\"font-size:17px\"><strong>BECT l&rsquo;Artisan de l&rsquo;Habitat<\/strong><br>Rue du Bon Air 8, B-4040 Herstal <\/p>\n\n\n\n<p class=\"has-text-align-left\" style=\"font-size:14px\">+32 (0)475 56 52 83<br>+32 (0)495 37 19 17<br>+32 (0)495 36 66 64<br>+32 (0)471 95 58 37<\/p>\n\n\n\n<p class=\"has-text-align-left has-white-color has-text-color\" style=\"font-size:15px\"><a href=\"mailto:bect@skynet.be\">bect@skynet.be<\/a><br><a href=\"mailto:bect@live.be\">bect@live.be<\/a><\/p>\n\n\n\n<p class=\"has-text-align-left has-white-color has-text-color\" style=\"font-size:15px\">TVA: BE 0877 183 866<\/p>\n\n\n\n<p class=\"has-text-align-left has-white-color has-text-color\" style=\"font-size:14px\">Nous sommes l\u00e0 pour vous r\u00e9pondre, vous conseiller et vous assister dans un choix ou un autre&#8230;<br>Alors n&rsquo;h\u00e9sitez pas, contactez <strong>BECT l\u2019Artisan de l\u2019Habitat <\/strong>pour toute demande de <strong>devis gratuit<\/strong> !<\/p>\n<\/div><\/div>\n","protected":false},"excerpt":{"rendered":"","protected":false},"author":1,"featured_media":0,"parent":0,"menu_order":0,"comment_status":"closed","ping_status":"closed","template":"","meta":{"ngg_post_thumbnail":0,"footnotes":""},"class_list":["post-9","page","type-page","status-publish","hentry"],"_links":{"self":[{"href":"https:\/\/www.bectlartisandelhabitat.be\/index.php\/wp-json\/wp\/v2\/pages\/9","targetHints":{"allow":["GET"]}}],"collection":[{"href":"https:\/\/www.bectlartisandelhabitat.be\/index.php\/wp-json\/wp\/v2\/pages"}],"about":[{"href":"https:\/\/www.bectlartisandelhabitat.be\/index.php\/wp-json\/wp\/v2\/types\/page"}],"author":[{"embeddable":true,"href":"https:\/\/www.bectlartisandelhabitat.be\/index.php\/wp-json\/wp\/v2\/users\/1"}],"replies":[{"embeddable":true,"href":"https:\/\/www.bectlartisandelhabitat.be\/index.php\/wp-json\/wp\/v2\/comments?post=9"}],"version-history":[{"count":85,"href":"https:\/\/www.bectlartisandelhabitat.be\/index.php\/wp-json\/wp\/v2\/pages\/9\/revisions"}],"predecessor-version":[{"id":1095,"href":"https:\/\/www.bectlartisandelhabitat.be\/index.php\/wp-json\/wp\/v2\/pages\/9\/revisions\/1095"}],"wp:attachment":[{"href":"https:\/\/www.bectlartisandelhabitat.be\/index.php\/wp-json\/wp\/v2\/media?parent=9"}],"curies":[{"name":"wp","href":"https:\/\/api.w.org\/{rel}","templated":true}]}}